ve r(-157).
93
Let h(r) = 7713*r + 6230. What is h(-1)?
-1483
Let m(o) = -3*o**3 + 224*o**2 + 697*o - 46646. Determine m(75).
4
Let f(a) = 308*a - 2621. Determine f(9).
151
Let s(f) = 3*f**3 - 131*f**2 - 263*f + 3797. What is s(45)?
62
Let c(u) = 6*u**3 - 28*u**2 + 41*u + 61. Determine c(6).
595
Let c(l) = l**3 - 53*l**2 - 437*l + 1242. Calculate c(60).
222
Let g(u) = -u**3 + 471*u + 76. Calculate g(22).
-210
Let t(h) = 25*h**2 + 650*h - 19. Determine t(-26).
-19
Let d(f) = -166*f**2 + 1225*f + 2414. Calculate d(9).
-7
Let k(t) = -204*t + 22061. Determine k(107).
233
Let z(h) = -2*h**3 + 1667*h**2 + 4158*h + 18392. Give z(836).
0
Let m(d) = 2758*d - 110166. Determine m(40).
154
Let m(x) = -3184*x - 347050. Determine m(-109).
6
Let r(t) = -40*t + 1314. What is r(27)?
234
Let m(s) = -s**3 + 22*s**2 - 86*s - 264. Determine m(16).
-104
Let c(p) = 90*p**2 - 2828*p + 18. What is c(31)?
-1160
Let y(f) = -f**3 + 572*f**2 + 2267*f + 4. What is y(-4)?
152
Let b(p) = -5388*p - 786680. Calculate b(-146).
-32
Let x(g) = -9*g**2 + 171*g + 1278. Give x(-7).
-360
Let o(v) = 1318*v - 2791. Determine o(2).
-155
Let s(m) = -16*m**2 - 632*m - 146. Give s(-39).
166
Let c(s) = s**3 + 30*s**2 + 118*s - 169. Determine c(-21).
1322
Let x(p) = -4*p**3 + 408*p**2 - 406*p + 305. Calculate x(101).
103
Let r(t) = -2*t**2 - 41*t + 19501. Determine r(-103).
2506
Let z(n) = n**3 + 56*n**2 - 363*n - 8. What is z(6)?
46
Let v(i) = -i**2 + 4965*i + 34816. Determine v(-7).
12
Let b(w) = -13*w**3 + 247*w**2 + 21*w - 118. Calculate b(19).
281
Let k(v) = -3717*v + 133821. What is k(36)?
9
Let i(h) = -2*h**3 + 104*h**2 - 1961*h + 81672. Determine i(49).
-11
Let f(a) = -6*a**2 - 396*a - 6037. What is f(-42)?
11
Let c(g) = 6*g**3 - 33*g**2 + 106*g - 99. Give c(4).
181
Let k(v) = v**3 + 183*v**2 - 3381*v + 3807. Calculate k(-200).
7
Let f(x) = 363*x**2 - 243*x - 15. Give f(1).
105
Let u(z) = 4*z**2 + 5202*z - 10413. Calculate u(2).
7
Let l(n) = 4*n**2 + 232*n + 1264. Calculate l(-6).
16
Let o(f) = -f**3 + 4*f**2 + 91*f - 263. Determine o(3).
19
Let n(l) = 2*l**2 - 51688*l - 517097. Calculate n(-10).
-17
Let x(l) = -56*l - 966. What is x(-10)?
-406
Let c(s) = 57*s**2 - 19*s - 384. Calculate c(-3).
186
Let d(o) = -857901*o + 12868514. What is d(15)?
-1
Let x(n) = -2*n**2 - 80*n + 1474. Calculate x(-55).
-176
Let x(h) = 45*h**3 - 13950*h**2 - 10*h + 3106. What is x(310)?
6
Let v(u) = u**3 + 472*u**2 + 5079*u + 3700. What is v(-461)?
12
Let i(c) = -98*c**2 + 3402*c + 3411. What is i(-1)?
-89
Let s(j) = -999*j**2 + 77891*j + 2410. Determine s(78).
-8
Let l(x) = 14*x**3 - 11*x**2 + 104*x + 108. Calculate l(-1).
-21
Let p(b) = -35062*b - 1157103. Calculate p(-33).
-57
Let b(j) = 9*j**3 + 3475*j**2 + 561*j + 67552. Give b(-386).
2
Let s(y) = -363*y - 5107. Determine s(-14).
-25
Let w(x) = -x**3 + 8*x**2 + 3622*x - 2525. What is w(64)?
-93
Let m(b) = 2*b**2 - 158*b + 3241. Give m(20).
881
Let m(u) = u**3 + 51*u**2 - 257*u - 2032. What is m(-55)?
3
Let w(k) = -2*k**3 + 503*k**2 + 257*k - 1255. What is w(252)?
5
Let z(m) = -3*m**2 - 565*m - 24721. Give z(-67).
-333
Let k(o) = -263063*o + 1315146. Calculate k(5).
-169
Let f(w) = 330*w - 11160. Determine f(35).
390
Let w(g) = -g**3 + 5*g**2 + 467*g - 3163. Give w(7).
8
Let n(s) = -s**3 + 62*s**2 + 2293*s - 260. Determine n(88).
180
Let y(u) = 129*u + 26716. Determine y(-204).
400
Let t(w) = 4264*w - 29721. Calculate t(6).
-4137
Let y(o) = 1996*o + 59797. Give y(-30).
-83
Let x(a) = -18*a**3 - 234*a**2 + 10*a - 14. Calculate x(-13).
-144
Let h(c) = -2*c**3 - 313*c**2 - 133*c + 3563. Calculate h(-156).
-25
Let p(d) = -d**3 - 159*d**2 - 87*d - 39075. Determine p(-160).
445
Let a(d) = 307*d + 29821. Give a(-97).
42
Let d(q) = 37*q**2 + 235*q - 34. Calculate d(-8).
454
Let c(u) = -22*u**2 + 1198*u + 80. What is c(56)?
-1824
Let u(r) = -r**3 + 176*r**2 + 2395*r + 11624. What is u(189)?
-94
Let p(h) = 6068*h - 1747587. What is p(288)?
-3
Let q(o) = o**2 + 352*o + 18753. What is q(-70)?
-987
Let j(h) = 1939*h - 2791. Determine j(0).
-2791
Let l(c) = c**3 + 199*c**2 + 198*c - 97. What is l(-198)?
-97
Let w(r) = 129060*r - 1161532. What is w(9)?
8
Let j(i) = 1167*i**2 + 42027*i + 547. Give j(-36).
7
Let f(m) = -m**3 - 2*m**2 + 90*m + 188. What is f(-2)?
8
Let h(n) = -22*n**2 + 1054*n + 258. Calculate h(48).
162
Let h(y) = -y**3 + 7*y**2 + 541*y - 5741. Give h(12).
31
Let i(u) = 5695*u + 38245. What is i(-7)?
-1620
Let h(b) = 35*b**2 + 427*b + 1169. Determine h(-8).
-7
Let t(v) = 2589*v - 30653. Determine t(12).
415
Let r(a) = -a**3 + 79*a**2 - 30*a + 15548. Calculate r(81).
-4
Let q(v) = 3975*v + 79508. What is q(-20)?
8
Let w(j) = 513*j - 117791. Determine w(229).
-314
Let r(x) = -x**3 + 47*x**2 - 344*x - 92. Determine r(38).
-168
Let u(c) = 29*c**2 + 10361*c + 519159. Calculate u(-297).
3
Let w(s) = 853*s**2 - 7278*s + 3628. Give w(8).
-4
Let t(d) = 26306*d + 1052245. Determine t(-40).
5
Let n(v) = -19118*v + 1950040. Calculate n(102).
4
Let h(l) = -600*l - 9203. Determine h(-15).
-203
Let k(a) = 5360*a + 26785. Calculate k(-5).
-15
Let l(j) = j**3 - 301*j**2 + 7584*j + 16071. What is l(273)?
-309
Let t(w) = 834*w + 302746. Determine t(-363).
4
Let i(u) = -66*u**2 + 11221*u - 497. Calculate i(170).
-327
Let p(l) = 398*l + 24052. Determine p(-59).
570
Let j(w) = -24533*w + 785063. Give j(32).
7
Let x(l) = 9*l**3 + 3423*l**2 + 1135*l - 1823. Calculate x(-380).
77
Let v(n) = -n**2 - 146*n + 37005. Give v(132).
309
Let l(n) = -118827*n + 30776180. Give l(259).
-13
Let r(f) = -115248*f - 4264166. Calculate r(-37).
10
Let p(d) = -4*d**2 - 77*d + 81. Calculate p(-18).
171
Let m(s) = -s**3 - 17*s**2 + 142*s + 2786. Determine m(-17).
372
Let p(x) = -2292*x + 4735. Determine p(2).
151
Let y(t) = -12322*t + 653223. Calculate y(53).
157
Let k(o) = -o**2 - 244*o - 5296. Determine k(-24).
-16
Let s(f) = -5*f**2 - 70*f + 677. Give s(8).
-203
Let b(t) = 3*t**3 - 16*t**2 + 30*t + 499. What is b(-11)?
-5760
Let x(n) = 11432*n + 23258. Give x(-2).
394
Let c(o) = -20242*o + 1072963. What is c(53)?
137
Let y(w) = 3*w**3 + 82*w**2 - 60*w - 70. What is y(-28)?
42
Let k(g) = 2*g**2 - 44*g + 353. What is k(14)?
129
Let t(o) = 5521*o - 1385774. Determine t(251).
-3
Let r(v) = -2*v**2 - 1138*v + 1167. Give r(-570).
27
Let s(m) = 2*m**2 - 8211*m + 90101. Determine s(11).
22
Let c(v) = 25*v**2 + 150*v + 982. Calculate c(-7).
1157
Let p(t) = 3255*t + 5168921. Give p(-1588).
-19
Let j(q) = 3*q**3 + 27*q**2 + 85*q + 699. Give j(-9).
-66
Let y(s) = -875*s - 545. Calculate y(-1).
330
Let k(l) = -l**2 + 16*l + 6781. Calculate k(91).
-44
Let b(c) = -4*c**3 - 81*c**2 + 161*c + 111. Give b(-22).
-43
Let i(c) = 2264*c + 90497. Give i(-40).
-63
Let g(l) = -26*l**2 - 1411*l + 22724. What is g(13)?
-13
Let g(f) = -2*f**2 - 24587*f - 147468. Give g(-6).
-18
Let j(v) = -213*v + 27440. Give j(128).
176
Let b(k) = -k**3 - 3*k**2 + 75*k - 22. Give b(-7).
-351
Let s(q) = q**3 + 19*q**2 - 1637*q - 26967. What is s(-16)?
-7
Let x(o) = 4*o**3 - 14*o**2 + 14*o + 51. Give x(7).
835
Let p(g) = -27*g**2 - 1375*g - 3756. Determine p(-48).
36
Let p(n) = -53*n**2 + 235*n + 24. Determine p(7).
-928
Let o(u) = -1438*u - 51610. Give o(-36).
158
Let z(k) = 14*k**2 - 4269*k - 4295. Calculate z(-1).
-12
Let t(u) = -29*u**3 - 83*u**2 - 286*u - 887. Calculate t(-3).
7
Let x(g) = g**2 + 17490*g + 5713301. What is x(-333)?
20
Let z(q) = -q**3 - 22*q**2 - 209*q - 462. Give z(-3).
-6
Let q(h) = -104*h**2 - 2684*h + 559. Calculate q(-26).
39
Let l(g) = -6*g**3 + 134*g**2 - 761*g + 858. Calculate l(14).
4
Let x(y) = y**3 + 22*y**2 - 43*y - 166. Calculate x(9).
1958
Let u(g) = g**3 + 30*g**2 + 205*g + 63. Calculate u(-10).
13
Let i(b) = b**2 - 225*b + 1456. Give i(7).
-70
Let l(x) = -14*x**2 + 290*x - 5. Give l(19).
451
Let q(i) = 61703*i + 123321. What is q(-2)?
-85
Let z(i) = -33*i**2 - 3588*i + 12100. Calculate z(-112).
4
Let x(m) = 9*m**2 + 13*m - 162. Give x(8).
518
Let n(y) = y**2 + 2079*y + 61810. What is n(-30)?
340
Let i(w) = w**2 - 2*w - 174. Determine i(12).
-54
Let q(f) = 562*f - 7149. Give q(11).
-967
Let o(h) = -h**3 - h**2 + 361*h - 32. What is o(18)?
310
Let m(u) = 285*u**2 + 3521*u - 14094. Give m(4).
4550
Let j(s) = 104*s + 9132. Determine j(-87).
84
Let a(k) = -98211*k - 2946323. What is a(-30)?
7
Let z(n